 of 2086?
2, 7, 149
What are the prime factors of 1128?
2, 3, 47
What are the prime factors of 7219?
7219
List the prime factors of 1487.
1487
What are the prime factors of 1666?
2, 7, 17
List the prime factors of 548.
2, 137
What are the prime factors of 166?
2, 83
List the prime factors of 55919.
199, 281
What are the prime factors of 2885?
5, 577
What are the prime factors of 598?
2, 13, 23
List the prime factors of 104.
2, 13
List the prime factors of 17017.
7, 11, 13, 17
What are the prime factors of 24780?
2, 3, 5, 7, 59
What are the prime factors of 90855?
3, 5, 673
What are the prime factors of 4699?
37, 127
What are the prime factors of 1596?
2, 3, 7, 19
What are the prime factors of 377?
13, 29
What are the prime factors of 54634?
2, 59, 463
What are the prime factors of 1068?
2, 3, 89
List the prime factors of 2192.
2, 137
What are the prime factors of 73192?
2, 7, 1307
What are the prime factors of 505?
5, 101
List the prime factors of 788.
2, 197
List the prime factors of 1970.
2, 5, 197
List the prime factors of 11746.
2, 7, 839
What are the prime factors of 498?
2, 3, 83
What are the prime factors of 127635?
3, 5, 67, 127
List the prime factors of 411.
3, 137
What are the prime factors of 14796?
2, 3, 137
What are the prime factors of 38948?
2, 7, 13, 107
List the prime factors of 119.
7, 17
What are the prime factors of 14872?
2, 11, 13
List the prime factors of 817.
19, 43
List the prime factors of 8834.
2, 7, 631
List the prime factors of 5278.
2, 7, 13, 29
What are the prime factors of 7440?
2, 3, 5, 31
List the prime factors of 563.
563
What are the prime factors of 2616?
2, 3, 109
List the prime factors of 29824.
2, 233
List the prime factors of 1301.
1301
What are the prime factors of 93606?
2, 3, 15601
List the prime factors of 37815.
3, 5, 2521
What are the prime factors of 16101?
3, 1789
What are the prime factors of 5865?
3, 5, 17, 23
What are the prime factors of 13980?
2, 3, 5, 233
List the prime factors of 664.
2, 83
What are the prime factors of 1235?
5, 13, 19
What are the prime factors of 74945?
5, 13, 1153
List the prime factors of 3792.
2, 3, 79
What are the prime factors of 902?
2, 11, 41
List the prime factors of 1444.
2, 19
List the prime factors of 4228.
2, 7, 151
List the prime factors of 659.
659
List the prime factors of 1693.
1693
What are the prime factors of 368?
2, 23
List the prime factors of 672.
2, 3, 7
List the prime factors of 5848.
2, 17, 43
What are the prime factors of 1088?
2, 17
What are the prime factors of 33720?
2, 3, 5, 281
What are the prime factors of 2354?
2, 11, 107
What are the prime factors of 2101?
11, 191
List the prime factors of 161.
7, 23
What are the prime factors of 75759?
3, 25253
List the prime factors of 11688.
2, 3, 487
What are the prime factors of 788?
2, 197
What are the prime factors of 9594?
2, 3, 13, 41
What are the prime factors of 4928?
2, 7, 11
What are the prime factors of 3108?
2, 3, 7, 37
What are the prime factors of 398?
2, 199
What are the prime factors of 20175?
3, 5, 269
What are the prime factors of 468?
2, 3, 13
What are the prime factors of 53687?
37, 1451
List the prime factors of 1901.
1901
List the prime factors of 1172.
2, 293
What are the prime factors of 1203?
3, 401
What are the prime factors of 43835?
5, 11, 797
List the prime factors of 14030.
2, 5, 23, 61
List the prime factors of 3297.
3, 7, 157
List the prime factors of 1906.
2, 953
List the prime factors of 4822.
2, 2411
List the prime factors of 23049.
3, 13, 197
What are the prime factors of 147?
3, 7
What are the prime factors of 3253?
3253
What are the prime factors of 49356?
2, 3, 457
List the prime factors of 3032.
2, 379
What are the prime factors of 2860?
2, 5, 11, 13
List the prime factors of 76132.
2, 7, 2719
List the prime factors of 361.
19
What are the prime factors of 20549?
20549
List the prime factors of 21894.
2, 3, 41, 89
List the prime factors of 1372.
2, 7
List the prime factors of 130049.
47, 2767
What are the prime factors of 90048?
2, 3, 7, 67
List the prime factors of 22593.
3, 17, 443
What are the prime factors of 86416?
2, 11, 491
List the prime factors of 13105.
5, 2621
List the prime factors of 81.
3
List the prime factors of 20933.
11, 173
List the prime factors of 113118.
2, 3, 17, 1109
List the prime factors of 975.
3, 5, 13
What are the prime factors of 1208?
2, 151
What are the prime factors of 42?
2, 3, 7
What are the prime factors of 17212?
2, 13, 331
What are the prime factors of 2673?
3, 11
What are the prime factors of 1336?
2, 167
What are the prime factors of 18179?
7, 53
What are the prime factors of 14341?
14341
List the prime factors of 9.
3
What are the prime factors of 66017?
7, 9431
List the prime factors of 95881.
95881
What are the prime factors of 46855?
5, 9371
What are the prime factors of 398?
2, 199
List the prime factors of 59207.
59207
What are the prime factors of 2089?
2089
List the prime factors of 1107.
3, 41
What are the prime factors of 63232?
2, 13, 19
What are the prime factors of 4304?
2, 269
List the prime factors of 329.
7, 47
What are the prime factors of 27358?
2, 13679
List the prime factors of 2548.
2, 7, 13
List the prime factors of 2110.
2, 5, 211
What are the prime factors of 26560?
2, 5, 83
What are the prime factors of 491?
491
List the prime factors of 25657.
25657
List the prime factors of 1149.
3, 383
What are the prime factors of 10444?
2, 7, 373
List the prime factors of 9080.
2, 5, 227
List the prime factors of 40447.
11, 3677
List the prime factors of 25905.
3, 5, 11, 157
List the prime factors of 935.
5, 11, 17
List the prime factors of 4068.
2, 3, 113
What are the prime factors of 775?
5, 31
What are the prime factors of 46699?
17, 41, 67
What are the prime factors of 1633?
23, 71
What are the prime factors of 11352?
2, 3, 11, 43
What are the prime factors of 8952?
2, 3, 373
What are the prime factors of 2912?
2, 7, 13
List the prime factors of 17118.
2, 3, 317
What are the prime factors of 1132?
2, 283
List the prime factors of 15647.
15647
What are the prime factors of 670?
2, 5, 67
What are the prime factors of 4235?
5, 7, 11
List the prime factors of 956.
2, 239
List the prime factors of 14102.
2, 11, 641
List the prime factors of 36714.
2, 3, 29, 211
List the prime factors of 630.
2, 3, 5, 7
List the prime factors of 1545.
3, 5, 103
List the prime factors of 2021.
43, 47
List the prime factors of 2813.
29, 97
What are the prime factors of 1582?
2, 7, 113
List the prime factors of 53545.
5, 10709
What are the prime factors of 2012?
2, 503
What are the prime factors of 54756?
2, 3, 13
What are the prime factors of 105457?
11, 9587
List the prime factors of 10244.
2, 13, 197
List the prime factors of 9082.
2, 19, 239
What are the prime factors of 738?
2, 3, 41
What are the prime factors of 936?
2, 3, 13
What are the prime factors of 1245?
3, 5, 83
What are the prime factors of 475?
5, 19
List the prime factors of 29615.
5, 5923
List the prime factors of 21289.
61, 349
What are the prime factors of 4292?
2, 29, 37
List the prime factors of 53357.
229, 233
What are the prime factors of 1450?
2, 5, 29
List the prime factors of 24844.
2, 6211
What are the prime factors of 1298?
2, 11, 59
What are the prime factors of 8235?
3, 5, 61
What are the prime factors of 981?
3, 109
List the prime factors of 106816.
2, 1669
What are the prime factors of 17192?
2, 7, 307
What are the prime factors of 106?
2, 53
What are the prime factors of 497?
7, 71
List the prime factors of 24030.
2, 3, 5, 89
List the prime factors of 2088.
2, 3, 29
List the prime factors of 8404.
2, 11, 191
List the prime factors of 512.
2
List the prime factors of 821.
821
List the prime factors of 259.
7, 37
What are the prime factors of 976?
2, 61
List the prime factors of 3264.
2, 3, 17
What are the prime factors of 3921?
3, 1307
What are the prime factors of 28937?
19, 1523
What are the prime factors of 4751?
4751
What are the prime factors of 620?
2, 5, 31
What are the prime factors of 209180?
2, 5, 10459
What are the prime factors of 2784?
2, 3, 29
List the prime factors of 114958.
2, 229, 251
What are the prime factors of 97214?
2, 13, 3739
List the prime factors of 65963.
65963
List the prime factors of 42345.
3, 5, 941
What are the